hen 2/(4/(-216)*8/(-6)) is divided by 1162/70 - (-4)/10.
13
Let h(v) = v**3 - 14*v**2 + 12*v - 5. Let f be h(13). Let c = f + 25. Calculate the remainder when 25 is divided by c.
4
Let y(i) = -50*i - 278. Calculate the remainder when 85 is divided by y(-6).
19
Let f = -266 - -313. Calculate the remainder when 274 is divided by f.
39
Let q = 34 + 26. Suppose q = 3*p - 66. Let o = 83 - 74. What is the remainder when p is divided by o?
6
Let y(o) = 17*o - 24. Calculate the remainder when y(5) is divided by 21.
19
Suppose 2*j - 3*x = 3 + 3, -3 = j - 3*x. Suppose -5*m + 320 = -3*t, 4*t = 11 + j. What is the remainder when m is divided by 23?
21
Suppose 9*s - 810 = -6*s. What is the remainder when 208 is divided by s?
46
Let d(n) = -8*n**3 - n**2. Let w be d(-1). Let o = w - 7. Calculate the remainder when 4 is divided by -1*(4 - 7 - o).
1
Let t(b) = -b**2 - 15*b + 9. Let a = -28 + 14. What is the remainder when 113 is divided by t(a)?
21
Let x = -92 - -83. Let y = 3 - x. What is the remainder when 59 is divided by y?
11
Let b(z) = 5 - 5 - 10*z**2 + 11*z**2. Let o be b(2). Suppose 2*y + 2*w = 54, -o*y + 8*y = -w + 93. What is the remainder when y is divided by 8?
6
Suppose 24 + 9 = 3*l. Suppose 0 = -4*g + t + 130, t + 104 = 3*g - 3*t. Calculate the remainder when g is divided by l.
10
Suppose -25 = -5*q + r, -3*r = -5*q + 30 - 5. Let l(u) = 3*u - 10. Let z = -10 - -19. What is the remainder when z is divided by l(q)?
4
Suppose -3*z - 2*u + 78 = -53, 5*u + 10 = 0. Calculate the remainder when 122 is divided by z.
32
Let l = 111 + -9. Let x = -65 + l. Calculate the remainder when x is divided by 20.
17
Let y(q) = -q**2 - 26*q - 35. Let x = 46 + -28. Suppose -3*n + n = -x. Calculate the remainder when y(-3) is divided by n.
7
Let n = 92 + -63. Suppose -4*s = -3*s - 83. Calculate the remainder when s is divided by n.
25
Suppose -3*p = -3*u + 309, 34*p = -2*u + 38*p + 216. What is the remainder when 304 is divided by u?
10
Suppose h + 5*i - 46 = -3*h, -3*h - 3*i = -36. Let n = -1 - -4. Calculate the remainder when n is divided by (0 - (-10)/h) + 4/14.
0
Let p(l) = -l**3 + 8*l**2 - 6*l - 9. Let f be p(7). Let m = 5 + f. Suppose 5*r = -i - i + 7, 8 = m*i + 5*r. What is the remainder when 3 is divided by i?
0
Let k = 21 + -17. Suppose v - 12 = -k*x + 6*v, 5*v = 0. Suppose x*y - 49 = -7. What is the remainder when y is divided by 4?
2
Suppose 2*z - 4*z - 4*r + 4378 = 0, -4*r = 4*z - 8744. What is the remainder when z is divided by 39?
38
What is the remainder when (8 - (9 + -60)) + 1 + -5 is divided by 43?
12
Suppose 18*b + 2*b - 180 = 0. What is the remainder when 52 is divided by b?
7
Suppose -46 = 10*w - 526. Calculate the remainder when w is divided by 20.
8
Suppose r + 1 - 12 = 0. Suppose 6*u = 9*u + l - 3, -24 = 2*u + 5*l. What is the remainder when r is divided by u?
2
Let h = -13 - -35. Suppose -26 = -2*n + h. Calculate the remainder when 143 is divided by n.
23
Let g(w) = -10*w + 77. Suppose -2*b + 28 = 4*i, -5*i + 2*b + 3*b + 20 = 0. What is the remainder when 150 is divided by g(i)?
14
Let k(l) = 2*l**2 + 10*l - 11. Let c be k(-6). Let n(o) = 22*o**2 - o. What is the remainder when 61 is divided by n(c)?
19
Calculate the remainder when 137 is divided by 1392/32 + (-3)/(-6) + 0.
5
Suppose -5*y = -2 - 18. Calculate the remainder when (819/28)/(1/y) is divided by 40.
37
Let m be 0/(1*2/(-2)). Let c = 17 - m. Suppose -3*l + 100 = -l. Calculate the remainder when l is divided by c.
16
Let s = -189 + 302. Calculate the remainder when s is divided by 26.
9
Let j = 9024 + -8998. Let r(t) = -t**3 - 4*t**2 + 2*t - 7. What is the remainder when r(-7) is divided by j?
22
Let g = 14 + 9. Suppose -b + 31 = 4*c, -c + 16 = 3*c + 4*b. What is the remainder when g is divided by c?
5
Let j = 0 - -2. Suppose -j*a = a. Suppose -m = 2*g - 4*m - 38, a = 2*m + 4. Calculate the remainder when 45 is divided by g.
13
Let c(g) = -g**3 - g**2 - g - 4. What is the remainder when 80 is divided by c(-3)?
12
Suppose 6*a - 939 = 3*a. Suppose -a = -4*b - 3*w, -57 = -2*b + b - 5*w. What is the remainder when b is divided by 22?
16
Let c = 203 - 62. Calculate the remainder when c is divided by 12.
9
Suppose v - 7 = q - 2*q, 2*q + 14 = 2*v. Suppose -3*t + v*t = 20. Calculate the remainder when 6 is divided by t.
1
Let p = 11 + -7. Let n = p - -9. What is the remainder when 62 is divided by n?
10
Suppose -2*p + 156 = 2*i, p + 6*i = 7*i + 72. What is the remainder when p is divided by 26?
23
Let d(q) = -27*q - 199. What is the remainder when 175 is divided by d(-9)?
43
Suppose -21 = -4*s + 31. Let b be (-2)/3 - 224/6. What is the remainder when b/(-3)*(2 - -1) is divided by s?
12
Suppose 4*a = 21*q - 16*q - 162, 3*a = 5*q - 164. What is the remainder when q is divided by 2?
0
Calculate the remainder when (-1664)/(-11) + (-336)/1232 is divided by 10.
1
Let m = 43 + 46. Suppose -y + 17 + 29 = 0. Suppose 0 = 2*b - 0*b - y. What is the remainder when m is divided by b?
20
Calculate the remainder when 74 is divided by 90/165 + (-636)/(-44).
14
Let u be -38*(20/8 - -3). Let j = u + 310. Let p(y) = 3*y**3 - y**2 + 3*y. What is the remainder when j is divided by p(2)?
23
Let x = 87 - 85. Calculate the remainder when (202 - 2/x)/((-24)/(-16)) is divided by -6*-2*17/6.
32
Let g = -32 + 82. What is the remainder when g + (-3 - 3)/2 is divided by 17?
13
Calculate the remainder when 132 is divided by 31889/892 + 5/4 + -1.
24
Suppose 2*m - 15 = -3*b, b - 3*m - 12 = 4. Let l = -6 + 4. What is the remainder when b is divided by 3 + -2 + (-2)/l?
1
Suppose -3*m - 5 + 14 = 0, -5 = q - 4*m. Suppose 3*f - 5*p - 17 = 0, 3*f - 12 - 45 = -3*p. Suppose -d + 13 = -f. Calculate the remainder when d is divided by q.
6
Suppose 0 = -n + 4*x + x + 40, -x + 4 = 0. Let j = -9 - -6. What is the remainder when n is divided by (2/j)/(2/(-63))?
18
Let u = -3 + 31. Suppose 3*k - 2 = -q + 3*q, 2*k - 4*q = -4. Suppose -101 = -2*c + 3*m, k*m - m - 58 = -c. What is the remainder when c is divided by u?
27
Suppose 2*n - 20 = -3*u + 20, -2*n - 30 = -2*u. Suppose -97 = -2*m - 3*r, 2*r + 97 = -5*m + 356. What is the remainder when m is divided by u?
11
Let f(v) = v**2 + 13*v - 13. Let r be (12 - -39)*1/(-3). Calculate the remainder when f(r) is divided by 14.
13
Let g(f) = 77*f**2 + 160*f + 18. Let d = -9 + 27. Calculate the remainder when g(-3) is divided by d.
15
Suppose 0*y = -4*y - 2*x + 12, 0 = -4*y - 4*x + 8. Suppose 2*a + 48 = 5*p - 74, 2*a + 98 = y*p. What is the remainder when p is divided by 5?
4
Suppose 4*n + 1628 = g, 186 = -5*n + 161. What is the remainder when g is divided by 70?
68
Suppose -6*j = -283 + 1. What is the remainder when j is divided by (-3)/(-15) - (-78)/10?
7
Let j(s) = 5*s**2 + 18*s + 1. What is the remainder when j(6) is divided by 10?
9
Let d = 20 - 27. Let g = 7 + d. Suppose g = -3*l + 2 + 16. Calculate the remainder when 22 is divided by l.
4
Suppose -2*a = -0*a - 36. What is the remainder when 69 is divided by a?
15
Suppose 0 = -a - 1 + 5, 4*a = d + 6. What is the remainder when 4/(-8)*(1 - 35) is divided by d?
7
Let s(b) = b**2 - 2*b - 4. Let j be s(4). Suppose 0*p - j*p = -40. Suppose -2*r = -7*r + 15. Calculate the remainder when p is divided by r.
1
Let i(w) = w**3 + 9*w**2 + 3*w + 2. Suppose 114 = 5*a - 4*f, 2*a + 5*f - 49 = 23. What is the remainder when i(-5) is divided by a + (4 + -8 - 0)?
21
Suppose -a - 2*a + o = -4, 2*a - o = 1. Suppose -a*m = -m - 18. Calculate the remainder when 41 is divided by 132/(-9)*m/(-6).
19
Let x(k) = -k**3 + 5*k**2 + k - 1. Let f be x(5). Suppose -f*z = -z - 219. What is the remainder when z is divided by 25?
23
Suppose 13 = -3*r + 19. Suppose 0 = -6*p + 3*p + 45. What is the remainder when 1*(-5 + r - -60) is divided by p?
12
Let t be (28/(-10))/(2/(-5)). Suppose 0 = t*q - 4*q - 9. Suppose -70 = -2*h - 2*r, q*h + r - 30 - 77 = 0. Calculate the remainder when h is divided by 19.
17
Let y = -369 + 481. What is the remainder when y is divided by 13?
8
Let y be -14*(1 - -4)/(-10). Suppose -2*l - 2*n = -9 + 5, 2*l - y = -n. Calculate the remainder when 14 is divided by l.
4
Suppose -3*s = s - 4, 3*x + s - 856 = 0. Calculate the remainder when x is divided by 32.
29
Calculate the remainder when (-2)/(-6) - 4215/(-45) is divided by 69.
25
Let p(o) = o**2 - 12*